{"id":8,"date":"2016-02-03T10:59:45","date_gmt":"2016-02-03T09:59:45","guid":{"rendered":"http:\/\/www.reit-fahrverein-parndorf.at\/ralph\/?page_id=8"},"modified":"2026-04-22T08:55:03","modified_gmt":"2026-04-22T06:55:03","slug":"ueber-den-verein","status":"publish","type":"page","link":"http:\/\/www.reit-fahrverein-parndorf.at\/ralph\/?page_id=8","title":{"rendered":"\u00dcber den Verein"},"content":{"rendered":"\n<p><\/p>\n\n\n\n<p><\/p>\n\n\n<div class=\"entry-content\">\n<div class=\"entry-content\">Die Bildung des Vereines &#8222;L\u00e4ndlicher Reit- und Fahrverein Parndorf&#8220; mit dem Sitz in Parndorf wurde von der Sicherheits-&nbsp; &nbsp; &nbsp;&nbsp;&nbsp;&nbsp;&nbsp; &nbsp;&nbsp; &nbsp; direktion f\u00fcr das Burgenland unter der Zahl: Vr-208\/96 vom 06.11.1996 genehmigt.Zufolge des ASV\u00d6 Vereins-Stammdatenblattes ist das Gr\u00fcndungsjahr 01.01.1997.Damaliger Obmann war Annegret TEUTSCH,&nbsp; Kassier Christian MANZ und Schriftf\u00fchrer Michael TEUTSCH.<\/div>\n<h6>&nbsp;<\/h6>\n<p>Der L\u00e4ndliche Reit-Fahrverein Parndorf ist&nbsp; gemeinn\u00fctzig.Er verf\u00fcgt \u00fcber einen gro\u00dfen Dressur\/Tunierplatz.Leider \u00fcber keine Ausbildungsst\u00e4tte.Es sind auch keine Pferdeeinstellpl\u00e4tze vorhanden.<\/p>\n<p>Kutschenfahrten betreffend Hochzeiten,kleine interessante Ausfl\u00fcge,Heurigenfahrten&nbsp; etc. k\u00f6nnen&nbsp; nach Absprache angenommen werden.<\/p>\n<p>Bei der letzten Generalversammlung wurden nachfolgende Personen in den Vorstand gew\u00e4hlt:<\/p>\n<p>&nbsp;<\/p>\n<p>Ehrenobmann:&nbsp; &nbsp; &nbsp; &nbsp; &nbsp; &nbsp; &nbsp; &nbsp; &nbsp; &nbsp; &nbsp; &nbsp; &nbsp; &nbsp; &nbsp; &nbsp; &nbsp;M\u00fcllner Julius<\/p>\n<p>Obmann:&nbsp; &nbsp; &nbsp; &nbsp; &nbsp; &nbsp; &nbsp; &nbsp; &nbsp; &nbsp; &nbsp; &nbsp; &nbsp; &nbsp; &nbsp; &nbsp; &nbsp; &nbsp; &nbsp; &nbsp; &nbsp;Gutdeutsch Robert<\/p>\n<p>Obmanstellvertreter:&nbsp; &nbsp; &nbsp; &nbsp; &nbsp; &nbsp; &nbsp; &nbsp; &nbsp; &nbsp; &nbsp; &nbsp;Hersits Viktor&nbsp;<\/p>\n<p>Schriftf\u00fchrer:&nbsp; &nbsp; &nbsp; &nbsp; &nbsp; &nbsp; &nbsp; &nbsp; &nbsp; &nbsp; &nbsp; &nbsp; &nbsp; &nbsp; &nbsp; &nbsp; &nbsp; &nbsp;Jeszenkovich Robert<\/p>\n<p>Schriftf\u00fchrerstellvertreter:&nbsp; &nbsp; &nbsp; &nbsp; &nbsp; &nbsp; &nbsp; &nbsp;Mikats Mathias<\/p>\n<p>Kassier:&nbsp; &nbsp; &nbsp; &nbsp; &nbsp; &nbsp; &nbsp; &nbsp; &nbsp; &nbsp; &nbsp; &nbsp; &nbsp; &nbsp; &nbsp; &nbsp; &nbsp; &nbsp; &nbsp; &nbsp; &nbsp; &nbsp; Lang Manfred<\/p>\n<p>Kassierstellvertreter:&nbsp; &nbsp; &nbsp; &nbsp; &nbsp; &nbsp; &nbsp; &nbsp; &nbsp; &nbsp; &nbsp; &nbsp; Gutdeutsch Margarethe<\/p>\n<p>Rechnungspr\u00fcfer:&nbsp;&nbsp;&nbsp;&nbsp;&nbsp;&nbsp;&nbsp;&nbsp;&nbsp;&nbsp;&nbsp;&nbsp;&nbsp;&nbsp;&nbsp;&nbsp;&nbsp;&nbsp;&nbsp;&nbsp;&nbsp;&nbsp;&nbsp;&nbsp;&nbsp;&nbsp;&nbsp; Hochrainer Alfred<\/p>\n<p>Rechnungspr\u00fcfer:&nbsp; &nbsp; &nbsp; &nbsp; &nbsp; &nbsp; &nbsp; &nbsp; &nbsp; &nbsp; &nbsp; &nbsp; &nbsp; &nbsp; Karner Willibald&nbsp;<\/p>\n<p>Rechnungspr\u00fcfer:&nbsp; &nbsp; &nbsp; &nbsp; &nbsp; &nbsp; &nbsp; &nbsp; &nbsp; &nbsp; &nbsp; &nbsp; &nbsp; &nbsp; Mujzer Karl<\/p>\n<p><strong><span style=\"text-decoration: underline;\">Kontakt:<\/span>&nbsp;<\/strong><\/p>\n<div class=\"entry-content\">\n<p style=\"text-align: left;\"><strong>Schriftf\u00fchrer<\/strong>:&nbsp; Robert Jeszenkovich, Neudorferstra\u00dfe 24,&nbsp; A-7111 Parndorf&nbsp; Tel.: 0676\/ 3601078<\/p>\n<p style=\"text-align: left;\"><strong>Obmann: &nbsp; <\/strong>Robert Gutdeutsch,<\/p>\n<p style=\"text-align: left;\">Hauptstra\u00dfe 14,&nbsp; A-7111 Parndorf&nbsp; &nbsp; &nbsp; &nbsp; &nbsp; E-Mail: m.gutdeutsch@aon.at&nbsp;<\/p>\n<p style=\"text-align: left;\">Tel.: 0676\/82337705<\/p>\n<p><span style=\"font-size: revert; color: initial;\">Derzeit betr\u00e4gt der&nbsp; Mitgliederstand 32 Personen.<\/span><\/p>\n<\/div>\n<div class=\"entry-content\">\n<p>Neue Vereinsmitglieder sind herzlich willkommen.<\/p>\n<p>&nbsp;<\/p>\n<p><strong>VERANSTALTUNGEN 2026<\/strong><\/p>\n<\/div>\n<p>Dorffest&nbsp; Parndorf am 13.06.2026<\/p>\n<p>Reiterfest am Vereinsplatz 18.07.2026<\/p>\n<p>Adventdorf Parndorf 20. -22. 11 2026<\/p>\n<p>Der Nickolaus kommt 05.12.2026<\/p>\n<p>&nbsp;<\/p>\n<p>&nbsp;<\/p>\n<p>&nbsp;<\/p>\n<p>&nbsp;<\/p>\n<p>&nbsp;<\/p>\n<\/div>\n<p>&nbsp;<\/p>\n<p>&nbsp;<\/p>\n\n","protected":false},"excerpt":{"rendered":"<p>Die Bildung des Vereines &#8222;L\u00e4ndlicher Reit- und Fahrverein Parndorf&#8220; mit dem Sitz in Parndorf wurde von der Sicherheits-&nbsp; &nbsp; &nbsp;&nbsp;&nbsp;&nbsp;&nbsp; &nbsp;&nbsp; &nbsp; direktion f\u00fcr das Burgenland unter der Zahl: Vr-208\/96 <a href=\"http:\/\/www.reit-fahrverein-parndorf.at\/ralph\/?page_id=8\" class=\"more-link\">[&hellip;]<\/a><\/p>\n","protected":false},"author":1,"featured_media":0,"parent":0,"menu_order":0,"comment_status":"closed","ping_status":"closed","template":"","meta":{"ngg_post_thumbnail":0,"footnotes":""},"class_list":["entry","author-wordpressadmin","post-8","page","type-page","status-publish"],"_links":{"self":[{"href":"http:\/\/www.reit-fahrverein-parndorf.at\/ralph\/index.php?rest_route=\/wp\/v2\/pages\/8","targetHints":{"allow":["GET"]}}],"collection":[{"href":"http:\/\/www.reit-fahrverein-parndorf.at\/ralph\/index.php?rest_route=\/wp\/v2\/pages"}],"about":[{"href":"http:\/\/www.reit-fahrverein-parndorf.at\/ralph\/index.php?rest_route=\/wp\/v2\/types\/page"}],"author":[{"embeddable":true,"href":"http:\/\/www.reit-fahrverein-parndorf.at\/ralph\/index.php?rest_route=\/wp\/v2\/users\/1"}],"replies":[{"embeddable":true,"href":"http:\/\/www.reit-fahrverein-parndorf.at\/ralph\/index.php?rest_route=%2Fwp%2Fv2%2Fcomments&post=8"}],"version-history":[{"count":48,"href":"http:\/\/www.reit-fahrverein-parndorf.at\/ralph\/index.php?rest_route=\/wp\/v2\/pages\/8\/revisions"}],"predecessor-version":[{"id":5086,"href":"http:\/\/www.reit-fahrverein-parndorf.at\/ralph\/index.php?rest_route=\/wp\/v2\/pages\/8\/revisions\/5086"}],"wp:attachment":[{"href":"http:\/\/www.reit-fahrverein-parndorf.at\/ralph\/index.php?rest_route=%2Fwp%2Fv2%2Fmedia&parent=8"}],"curies":[{"name":"wp","href":"https:\/\/api.w.org\/{rel}","templated":true}]}}

Über den Verein

<p></p>



<p></p>


<div class="entry-content">
<div class="entry-content">Die Bildung des Vereines &#8222;Ländlicher Reit- und Fahrverein Parndorf&#8220; mit dem Sitz in Parndorf wurde von der Sicherheits-&nbsp; &nbsp; &nbsp;&nbsp;&nbsp;&nbsp;&nbsp; &nbsp;&nbsp; &nbsp; direktion für das Burgenland unter der Zahl: Vr-208/96 vom 06.11.1996 genehmigt.Zufolge des ASVÖ Vereins-Stammdatenblattes ist das Gründungsjahr 01.01.1997.Damaliger Obmann war Annegret TEUTSCH,&nbsp; Kassier Christian MANZ und Schriftführer Michael TEUTSCH.</div>
<h6>&nbsp;</h6>
<p>Der Ländliche Reit-Fahrverein Parndorf ist&nbsp; gemeinnützig.Er verfügt über einen großen Dressur/Tunierplatz.Leider über keine Ausbildungsstätte.Es sind auch keine Pferdeeinstellplätze vorhanden.</p>
<p>Kutschenfahrten betreffend Hochzeiten,kleine interessante Ausflüge,Heurigenfahrten&nbsp; etc. können&nbsp; nach Absprache angenommen werden.</p>
<p>Bei der letzten Generalversammlung wurden nachfolgende Personen in den Vorstand gewählt:</p>
<p>&nbsp;</p>
<p>Ehrenobmann:&nbsp; &nbsp; &nbsp; &nbsp; &nbsp; &nbsp; &nbsp; &nbsp; &nbsp; &nbsp; &nbsp; &nbsp; &nbsp; &nbsp; &nbsp; &nbsp; &nbsp;Müllner Julius</p>
<p>Obmann:&nbsp; &nbsp; &nbsp; &nbsp; &nbsp; &nbsp; &nbsp; &nbsp; &nbsp; &nbsp; &nbsp; &nbsp; &nbsp; &nbsp; &nbsp; &nbsp; &nbsp; &nbsp; &nbsp; &nbsp; &nbsp;Gutdeutsch Robert</p>
<p>Obmanstellvertreter:&nbsp; &nbsp; &nbsp; &nbsp; &nbsp; &nbsp; &nbsp; &nbsp; &nbsp; &nbsp; &nbsp; &nbsp;Hersits Viktor&nbsp;</p>
<p>Schriftführer:&nbsp; &nbsp; &nbsp; &nbsp; &nbsp; &nbsp; &nbsp; &nbsp; &nbsp; &nbsp; &nbsp; &nbsp; &nbsp; &nbsp; &nbsp; &nbsp; &nbsp; &nbsp;Jeszenkovich Robert</p>
<p>Schriftführerstellvertreter:&nbsp; &nbsp; &nbsp; &nbsp; &nbsp; &nbsp; &nbsp; &nbsp;Mikats Mathias</p>
<p>Kassier:&nbsp; &nbsp; &nbsp; &nbsp; &nbsp; &nbsp; &nbsp; &nbsp; &nbsp; &nbsp; &nbsp; &nbsp; &nbsp; &nbsp; &nbsp; &nbsp; &nbsp; &nbsp; &nbsp; &nbsp; &nbsp; &nbsp; Lang Manfred</p>
<p>Kassierstellvertreter:&nbsp; &nbsp; &nbsp; &nbsp; &nbsp; &nbsp; &nbsp; &nbsp; &nbsp; &nbsp; &nbsp; &nbsp; Gutdeutsch Margarethe</p>
<p>Rechnungsprüfer:&nbsp;&nbsp;&nbsp;&nbsp;&nbsp;&nbsp;&nbsp;&nbsp;&nbsp;&nbsp;&nbsp;&nbsp;&nbsp;&nbsp;&nbsp;&nbsp;&nbsp;&nbsp;&nbsp;&nbsp;&nbsp;&nbsp;&nbsp;&nbsp;&nbsp;&nbsp;&nbsp; Hochrainer Alfred</p>
<p>Rechnungsprüfer:&nbsp; &nbsp; &nbsp; &nbsp; &nbsp; &nbsp; &nbsp; &nbsp; &nbsp; &nbsp; &nbsp; &nbsp; &nbsp; &nbsp; Karner Willibald&nbsp;</p>
<p>Rechnungsprüfer:&nbsp; &nbsp; &nbsp; &nbsp; &nbsp; &nbsp; &nbsp; &nbsp; &nbsp; &nbsp; &nbsp; &nbsp; &nbsp; &nbsp; Mujzer Karl</p>
<p><strong><span style="text-decoration: underline;">Kontakt:</span>&nbsp;</strong></p>
<div class="entry-content">
<p style="text-align: left;"><strong>Schriftführer</strong>:&nbsp; Robert Jeszenkovich, Neudorferstraße 24,&nbsp; A-7111 Parndorf&nbsp; Tel.: 0676/ 3601078</p>
<p style="text-align: left;"><strong>Obmann: &nbsp; </strong>Robert Gutdeutsch,</p>
<p style="text-align: left;">Hauptstraße 14,&nbsp; A-7111 Parndorf&nbsp; &nbsp; &nbsp; &nbsp; &nbsp; E-Mail: m.gutdeutsch@aon.at&nbsp;</p>
<p style="text-align: left;">Tel.: 0676/82337705</p>
<p><span style="font-size: revert; color: initial;">Derzeit beträgt der&nbsp; Mitgliederstand 32 Personen.</span></p>
</div>
<div class="entry-content">
<p>Neue Vereinsmitglieder sind herzlich willkommen.</p>
<p>&nbsp;</p>
<p><strong>VERANSTALTUNGEN 2026</strong></p>
</div>
<p>Dorffest&nbsp; Parndorf am 13.06.2026</p>
<p>Reiterfest am Vereinsplatz 18.07.2026</p>
<p>Adventdorf Parndorf 20. -22. 11 2026</p>
<p>Der Nickolaus kommt 05.12.2026</p>
<p>&nbsp;</p>
<p>&nbsp;</p>
<p>&nbsp;</p>
<p>&nbsp;</p>
<p>&nbsp;</p>
</div>
<p>&nbsp;</p>
<p>&nbsp;</p>

<p>Die Bildung des Vereines &#8222;Ländlicher Reit- und Fahrverein Parndorf&#8220; mit dem Sitz in Parndorf wurde von der Sicherheits-&nbsp; &nbsp; &nbsp;&nbsp;&nbsp;&nbsp;&nbsp; &nbsp;&nbsp; &nbsp; direktion für das Burgenland unter der Zahl: Vr-208/96 <a href="http://www.reit-fahrverein-parndorf.at/ralph/?page_id=8" class="more-link">[&hellip;]</a></p>
